. Let n(c) = -c - 7. Calculate n(w).
-2
Let d be 1*(0 + 1) - 0. Let v(j) be the third derivative of j**6/30 + j**5/60 + j**4/24 - j**3/6 - j**2. Calculate v(d).
5
Let r(o) = 5*o**3 + 4*o**2 - 6*o + 10. Let j(m) = -4*m**3 - 4*m**2 + 5*m - 9. Let h(c) = 6*j(c) + 5*r(c). Determine h(3).
-13
Let p(m) = 4*m**3 + 10*m**2 - 3*m + 3. Let g(h) = 3*h**3 + 9*h**2 - 3*h + 3. Let q(o) = o + 2. Let w be q(2). Let d(a) = w*p(a) - 5*g(a). What is d(5)?
12
Let w(q) = q**2 + 5*q + 1. Let k be w(-5). Let b(i) be the first derivative of -5*i**3/6 - 2*i + 2. Let j(d) be the first derivative of b(d). What is j(k)?
-5
Suppose 4*j + 19 = 7. Let c(v) = v**2 + 10*v + 4. Let d(q) = q**2 + 9*q + 3. Let t(f) = -4*c(f) + 5*d(f). Give t(j).
-7
Let g(s) = s**2 + 1. Let p(o) = -o**3 + 9*o**2 - o - 3. Let i(d) = -3*g(d) + p(d). Calculate i(6).
-12
Suppose 5*u + 12 = 2*z, 2*z - 8 = 5*u - z. Let r be (-1)/u - 50/8. Let m(p) = -69 + 5*p**2 + 76 - 5*p - 6*p**2. Determine m(r).
1
Let i = 8 + -4. Let p(j) = -j. Let t(d) = -7*d + 2. Let k(b) = i*p(b) - t(b). Let z(v) = -v**2 - 6*v + 3. Let o be z(-6). Give k(o).
7
Let o(s) = s**2 - 3. Let w(k) be the second derivative of -k**3/3 - 5*k**2 + 5*k. Let h be w(-5). What is o(h)?
-3
Let b(d) = -2*d + 9 - 6 + 5 - d. What is b(7)?
-13
Let u(o) = 2*o - 2. Let v be u(4). Let n(t) = 4*t**2 - 5*t**3 - t**3 - 6*t**2 - 5*t + v*t. Give n(1).
-7
Let d(j) = 7*j**2 + 5*j - 4. Let y(b) = -12*b**2 - 4*b + 3. Let t(a) = -11*a**2 - 4*a + 3. Let s(l) = 6*t(l) - 5*y(l). Let g(m) = 4*d(m) + 5*s(m). Give g(-1).
-3
Let t = 1 + -1. Suppose -n - 4*n + 5 = t. Let r(q) = q**3 + q**2 - 2*q + 1. What is r(n)?
1
Let v(f) = -f**2 - 10*f - 10. Let o(n) = n**2 + 9*n + 9. Let i(y) = 7*o(y) + 6*v(y). Let g be (-1)/(-3) - 62/6. Let k be 1/(-2) - g/(-4). Determine i(k).
3
Let u(m) = -m**2 - 2. Let o = -12 + 12. Calculate u(o).
-2
Suppose -20 = -0*k - 5*k. Suppose -3*o = -5*c + 35, -k*o - 4 = 3*c + c. Let j(h) = 0*h**3 - c*h**2 + 0*h**3 - h + h**3 + 3. Give j(4).
-1
Let v(a) = 4*a**2 + a - 3. Let b(n) = 3*n**2 - 4. Let q(t) = 3*b(t) - 2*v(t). Let y = 13 + -8. What is q(y)?
9
Suppose 0 = 4*d - 10 - 10. Let w = d + 4. Suppose -3*p + 3*v - 18 = 0, 3*v + 0 = w. Let s(i) = i**3 + 3*i**2 - 2. What is s(p)?
-2
Let z(i) be the third derivative of -i**6/120 + i**5/10 - i**4/6 - 7*i**3/6 - 9*i**2. What is z(5)?
-2
Let v(d) be the first derivative of d**3/3 - 2*d**2 + 2*d + 2. Suppose -5*n = 3*c, 2*n = -4*c - n. Let k = c - -3. What is v(k)?
-1
Suppose 4*u = 1 + 23. Let z(d) = d**3 - 6*d**2 - 3*d. What is z(u)?
-18
Suppose -3*o = 3 - 9. Let m(n) = -o*n**2 + 2*n**2 - 4*n + 2*n**2 - 3*n**2 - 2. Determine m(-3).
1
Let c be 7/(98/35)*8/(-10). Let s(n) = n**3 + 4*n**2 + 3*n. What is s(c)?
2
Let f(y) = y**2 + 2*y. Let h(o) = o**3 + 2*o**2 - 3*o - 3. Let c be h(-3). Give f(c).
3
Let p(r) = -2*r + 5. Let n(c) = -c**2 - c + 1. Let y(t) = -n(t) - p(t). Determine y(-6).
12
Let f(q) = -q + 1. Let n(l) = l**2 - 5*l - 5. Let b(s) = s + 6. Let z be b(0). Let d = -1 + z. Let a be n(d). Give f(a).
6
Let n(v) = 4 + 3*v - 7 + 2. Determine n(1).
2
Let v(z) = 0*z + 1 + 0 - 2*z. What is v(4)?
-7
Let y(x) = -x**3 + 2*x**2 - 2. Let n be y(2). Let j = n + 3. Let i(a) be the third derivative of a**4/6 - 5*a**2. Calculate i(j).
4
Let d(p) be the second derivative of p**4/12 + 3*p**3/2 + 4*p**2 + 4*p. Suppose 4*s - 2*s - 11 = 3*i, -5*s - 53 = 4*i. Calculate d(i).
-6
Let s(i) = -i**3 - 2*i**2 + 7*i. Let c be s(-4). Let d(o) = -6*o + 1. Let l(f) = -7*f + 1. Let k(q) = 6*d(q) - 5*l(q). Calculate k(c).
-3
Let s = -15 + 16. Let f(w) be the third derivative of -w**6/24 + w**5/30 - w**4/24 + w**2. Give f(s).
-4
Let k(o) = -2*o + 4. Let b = 0 + 4. Let v = 50 + -35. Suppose n + b*n = v. Give k(n).
-2
Suppose -14 = -4*d - 2. Let q(k) = 0*k + 10 - 13*k + d*k + 9*k. Let r = -1 - -1. Determine q(r).
10
Let r(i) be the first derivative of i**4/4 - 5*i**3/3 + 3*i**2/2 + 4*i - 9. Give r(4).
0
Let k(r) = 0*r**2 - 3*r**3 - 2*r**2 + 5*r**2. What is k(2)?
-12
Let l(x) = x**3 + 4*x**2 - 2*x - 2. Suppose -8*d + 12*d + 16 = 0. Determine l(d).
6
Let d(j) = 2*j. Let q be 1*(-2 - 0)*-1. Suppose -3*u + 22 = 4*w, 2*u + q*w - 17 + 5 = 0. Let c be 6 - 0 - 4/u. What is d(c)?
8
Let g = -8 + 11. Let r be (2 - (-2 + g))/(-1). Let l(x) = x**3 - x**2 - x - 1. Determine l(r).
-2
Let t(s) = 11*s - 7. Let g(b) = -9 + 0 - 4*b - 2 + 21*b. Let j(r) = 5*g(r) - 8*t(r). Suppose -2*i - 3*y + 7 = -4*y, 5*y = i - 8. Give j(i).
-8
Let p(b) = -b**3 - 8*b**2 + 13*b + 31. Let y be p(-9). Let j(i) be the first derivative of -i**4/4 - 2*i**3 - 2*i**2 + 6*i + 1. Determine j(y).
1
Let k(y) be the first derivative of -y**3/3 - 3*y**2 + 5*y - 32. Suppose 8*z + 2*i = 3*z - 31, -5*z + i - 37 = 0. Give k(z).
-2
Let h = -3 - 2. Let s(q) = 2*q**3 + 10*q**2 - 5*q - 9. Let m(n) = n**3 + 5*n**2 - 3*n - 4. Let a(l) = 5*m(l) - 3*s(l). Determine a(h).
7
Let d(q) be the second derivative of q**4/12 + q**3/6 - 5*q. Give d(1).
2
Let d be (-1 + 3)*(60/(-5))/4. Let r(k) = -k**2 - k + 1. Let j(f) = -f**2 + 3*f - 2. Let y(p) = j(p) - 2*r(p). Determine y(d).
2
Let a(m) = m - 1. Let z(q) = -2*q**2 + 3*q - 2. Let s be z(2). Calculate a(s).
-5
Let n be 6/(-21) + (-2)/(-7). Let p(k) = -3 + 7*k + n - k + 0*k - k**2. Calculate p(4).
5
Let l(h) = 50*h**2 + 49*h**2 - 3*h + 3 - 102*h**2. Calculate l(-3).
-15
Let y(t) = 10*t - 1. Let b(j) = 11*j - 1. Let m be (-5)/(10/16) - -2. Let f(p) = m*y(p) + 5*b(p). Determine f(1).
-4
Let f(j) = j. Let d be f(1). Let t be (2 + -3)/(d/(-3)). Let g(l) = l**2 + 2. Calculate g(t).
11
Let f(h) = 4*h - 1 + 0 + 8*h. Give f(1).
11
Suppose 0 = -11*y + 6*y + 15. Let g(q) = 2*q**3 + q**2 + q. Let w(x) = 3*x**3 + 2*x**2 + 3*x - 1. Let b(p) = 5*g(p) - 3*w(p). Determine b(y).
9
Let u(o) = o + 1. Let f = 16 - 8. Let q = f - 11. What is u(q)?
-2
Suppose 0 = 3*r - 3 - 9. Let z(d) be the second derivative of d**4/12 - d**3/2 - 2*d**2 - 2*d. What is z(r)?
0
Let c(x) be the second derivative of x**6/720 + x**5/20 - x**4/4 - 5*x. Let k(o) be the third derivative of c(o). Give k(-5).
1
Let h be -1*-4*3/(-6). Let n(z) = -1 + 3 + 6*z**2 - 3*z**2 - z**2 + 3*z. Give n(h).
4
Let w(t) be the first derivative of 0*t + 0*t**5 + 2/3*t**3 + 0*t**2 - 1 + 1/24*t**4 - 1/36*t**6. Let x(r) be the third derivative of w(r). Determine x(-1).
-9
Let r(i) be the second derivative of i**3/6 - 7*i**2/2 - 7*i. Give r(6).
-1
Let k(u) be the first derivative of -u**5/20 - 7*u**4/12 + u**3/3 + 9*u**2/2 - 4*u + 3. Let j(w) be the first derivative of k(w). What is j(-7)?
-5
Let l(f) be the third derivative of 5*f**4/12 - f**3/6 - 12*f**2. Determine l(1).
9
Let i(m) = m**2 + 7*m + 6. Let k(q) = q**3 + 6*q**2 + 1. Suppose 2*g = -2*u - 14, g - 17 = 3*u - 0*g. Let c be k(u). Let d be (-3 - (2 + -1))/c. Determine i(d).
-6
Let o(q) = q + 10. Let u(j) = -4*j + 14. Let c be u(5). What is o(c)?
4
Let r(y) = 2*y**3 + 1. Suppose -5 = -x, -z + x - 2 = 1. Suppose 0 = -7*p + z*p + 10. Suppose 3 = p*g + g. What is r(g)?
3
Let n(z) be the second derivative of z**4/24 + 2*z**3/3 - 3*z**2/2 + 5*z. Let m(b) be the first derivative of n(b). Calculate m(-3).
1
Let u(a) = 2*a**3 - a**2 - 2*a. Let z(b) = b + 4. Let m be z(-8). Let f be 2/m + 55/22. What is u(f)?
8
Let j(y) be the first derivative of -3*y**4/2 - y**3/3 - y**2/2 - y + 2. Suppose 3*b = 7 - 1. Suppose -b*o = 6*f - f + 7, 5*f + 2 = 3*o. Give j(o).
5
Let n(c) = 2*c + 10. Let k(t) = -t. Let w(z) = -3*k(z) - n(z). Let p be w(12). Let r(g) = -g**2 + 3*g - 3. Give r(p).
-1
Let d(o) = -o**2 - 7*o - 1. Let u(h) = 3*h**2 - 25*h + 3. Let g be u(8). Give d(g).
9
Let w(y) = y**3 + 22*y**2 + 0*y + y - 7 - 16*y**2. Let t be 5/(-5)*(7 - 1). What is w(t)?
-13
Let d(u) = -u**3 + 3*u**2 - 2*u - 2. Let k(f) = f**2 + 2. Let y be k(0). Determine d(y).
-2
Let l(c) = -2*c + 4. Let z = -6 + 9. Let i = 6 - z. Determine l(i).
-2
Let d(t) = 6 + 3 - 11 - t**2 - t. Calculate d(-3).
-8
Let j = 2 + -1. Suppose p + 4*l = 1, -14 = -2*p + 5*l - l. Suppose -5 = -2*v + j, p*v - 25 = 5*r. Let q(s) = -s**3 - s**2 - 3*s - 2. Calculate q(r).
8
Let b(p) = 6*p**2 + 7*p - 7*p + 0*p. Let l = 4 + -3. Determine b(l).
6
Let i(q) = -3*q - 7. Let d be i(-7). Let n = -16 + d. Let t(g) = -13*g - 3. Let z(k) = -4*k - 1. Let j(l) = 2*t(l) - 7*z(l). What is j(n)?
-3
Let j(y) = -20*y**3 + 7*y**3 - 3 + 3*y**2 + 12*y**